{"id":1600,"date":"2022-03-20T11:51:00","date_gmt":"2022-03-20T10:51:00","guid":{"rendered":"https:\/\/www.environnementhumanitaire.org\/ressource\/humanitarian-aid-donors-declaration-on-climate-and-environment-2022\/"},"modified":"2025-07-04T09:33:48","modified_gmt":"2025-07-04T07:33:48","slug":"humanitarian-aid-donors-declaration-on-climate-and-environment-2022","status":"publish","type":"ressource","link":"https:\/\/www.environnementhumanitaire.org\/en\/ressource\/humanitarian-aid-donors-declaration-on-climate-and-environment-2022\/","title":{"rendered":"Humanitarian aid donors\u2019 declaration on climate and environment, March 2022"},"content":{"rendered":"\n<p>At the 1st European Humanitarian Forum, which was held in Brussels on 21-23 March, France announced the launch of the Humanitarian Aid Donors\u2019 Declaration on Climate and the Environment endorsed by the 27 Member States of the European Union. <\/p>\n\n<hr class=\"wp-block-separator has-alpha-channel-opacity\" \/>\n\n<p><em>Faced with this emergency, a growing number of humanitarian organisations have decided to act as illustrated by the <a rel=\"noreferrer noopener\" href=\"https:\/\/www.climate-charter.org\/fr\/\" target=\"_blank\">Climate and Environment Charter for Humanitarian Organizations<\/a>, initiated by the International Committee of the Red Cross and the International Federation of Red Cross and Red Crescent Societies, and the <a href=\"https:\/\/www.environnementhumanitaire.org\/wp-content\/uploads\/2023\/01\/DeclarationEngagementONGClimat_2022.pdf\" target=\"_blank\" rel=\"noreferrer noopener\">Statement<\/a> <a rel=\"noreferrer noopener\" href=\"https:\/\/www.environnementhumanitaire.org\/wp-content\/uploads\/2023\/01\/DeclarationEngagementONGClimat_2022.pdf\" target=\"_blank\">of Commitment<\/a> <a rel=\"noreferrer noopener\" href=\"https:\/\/www.urd.org\/fr\/publication\/declaration-dengagement-des-organisations-humanitaires-sur-le-climat-2020\/\" target=\"_blank\">on Climate by Humanitarian Organisations<\/a>.<\/em><\/p>\n\n<p><em>Governments and donors have a key role to play in supporting this momentum and bringing other organisations on board, helping facilitate the creation of an environment more conducive to a humanitarian system that prevents, prepares, anticipates and responds to climate and environmental risks and impacts. Ils s\u2019inscrivent \u00e9galement en soutien des organisations pour \u00e9tablir, le plus t\u00f4t possible, les bases n\u00e9cessaires pour le lien entre l&#8217;aide humanitaire et le d\u00e9veloppement tout en nuisant le moins possible \u00e0 l\u2019environnement<\/em> [&#8230;] <a href=\"https:\/\/civil-protection-humanitarian-aid.ec.europa.eu\/what\/humanitarian-aid\/climate-change-and-environment\/humanitarian-aid-donors-declaration-climate-and-environment_fr\" target=\"_blank\" rel=\"noreferrer noopener\">read more<\/a><\/p>\n","protected":false},"excerpt":{"rendered":"<p>At the 1st European Humanitarian Forum, which was held in Brussels on 21-23 March, France announced the launch of the Humanitarian Aid Donors\u2019 Declaration on Climate and the Environment endorsed by the 27 Member States of the European Union. Faced with this emergency, a growing number of humanitarian organisations have decided to act as illustrated [&hellip;]<\/p>\n","protected":false},"featured_media":0,"template":"","thematique":[155,160],"type_ressource":[164],"structure":[],"class_list":["post-1600","ressource","type-ressource","status-publish","hentry","thematique-changement-climatique","thematique-vue-densemble","type_ressource-publication"],"acf":[],"_links":{"self":[{"href":"https:\/\/www.environnementhumanitaire.org\/en\/wp-json\/wp\/v2\/ressource\/1600","targetHints":{"allow":["GET"]}}],"collection":[{"href":"https:\/\/www.environnementhumanitaire.org\/en\/wp-json\/wp\/v2\/ressource"}],"about":[{"href":"https:\/\/www.environnementhumanitaire.org\/en\/wp-json\/wp\/v2\/types\/ressource"}],"wp:attachment":[{"href":"https:\/\/www.environnementhumanitaire.org\/en\/wp-json\/wp\/v2\/media?parent=1600"}],"wp:term":[{"taxonomy":"thematique","embeddable":true,"href":"https:\/\/www.environnementhumanitaire.org\/en\/wp-json\/wp\/v2\/thematique?post=1600"},{"taxonomy":"type_ressource","embeddable":true,"href":"https:\/\/www.environnementhumanitaire.org\/en\/wp-json\/wp\/v2\/type_ressource?post=1600"},{"taxonomy":"structure","embeddable":true,"href":"https:\/\/www.environnementhumanitaire.org\/en\/wp-json\/wp\/v2\/structure?post=1600"}],"curies":[{"name":"wp","href":"https:\/\/api.w.org\/{rel}","templated":true}]}}

<p>At the 1st European Humanitarian Forum, which was held in Brussels on 21-23 March, France announced the launch of the Humanitarian Aid Donors’ Declaration on Climate and the Environment endorsed by the 27 Member States of the European Union. </p>

<hr class="wp-block-separator has-alpha-channel-opacity" />

<p><em>Faced with this emergency, a growing number of humanitarian organisations have decided to act as illustrated by the <a rel="noreferrer noopener" href="https://www.climate-charter.org/fr/" target="_blank">Climate and Environment Charter for Humanitarian Organizations</a>, initiated by the International Committee of the Red Cross and the International Federation of Red Cross and Red Crescent Societies, and the <a href="https://www.environnementhumanitaire.org/wp-content/uploads/2023/01/DeclarationEngagementONGClimat_2022.pdf" target="_blank" rel="noreferrer noopener">Statement</a> <a rel="noreferrer noopener" href="https://www.environnementhumanitaire.org/wp-content/uploads/2023/01/DeclarationEngagementONGClimat_2022.pdf" target="_blank">of Commitment</a> <a rel="noreferrer noopener" href="https://www.urd.org/fr/publication/declaration-dengagement-des-organisations-humanitaires-sur-le-climat-2020/" target="_blank">on Climate by Humanitarian Organisations</a>.</em></p>

<p><em>Governments and donors have a key role to play in supporting this momentum and bringing other organisations on board, helping facilitate the creation of an environment more conducive to a humanitarian system that prevents, prepares, anticipates and responds to climate and environmental risks and impacts. Ils s’inscrivent également en soutien des organisations pour établir, le plus tôt possible, les bases nécessaires pour le lien entre l&#8217;aide humanitaire et le développement tout en nuisant le moins possible à l’environnement</em> [&#8230;] <a href="https://civil-protection-humanitarian-aid.ec.europa.eu/what/humanitarian-aid/climate-change-and-environment/humanitarian-aid-donors-declaration-climate-and-environment_fr" target="_blank" rel="noreferrer noopener">read more</a></p>
